{"id":1483,"date":"2026-03-18T06:57:08","date_gmt":"2026-03-18T06:57:08","guid":{"rendered":"https:\/\/immigrationconsulting.ebangougroup.ca\/immigration\/?page_id=1483"},"modified":"2026-03-18T07:21:38","modified_gmt":"2026-03-18T07:21:38","slug":"visa-familial","status":"publish","type":"page","link":"https:\/\/immigrationconsulting.ebangougroup.ca\/immigration\/?page_id=1483","title":{"rendered":"Visa familial"},"content":{"rendered":"\t\t<div data-elementor-type=\"wp-post\" data-elementor-id=\"1483\" class=\"elementor elementor-1483\">\n\t\t\t\t<div class=\"elementor-element elementor-element-7c9e2d0 e-flex e-con-boxed e-con e-parent\" data-id=\"7c9e2d0\" data-element_type=\"container\" data-e-type=\"container\">\n\t\t\t\t\t<div class=\"e-con-inner\">\n\t\t<div class=\"elementor-element elementor-element-88bcedb e-con-full e-flex e-con e-child\" data-id=\"88bcedb\" data-element_type=\"container\" data-e-type=\"container\">\n\t\t\t\t<div class=\"elementor-element elementor-element-f519155 elementor-widget elementor-widget-visaland-service-sidebar-widget\" data-id=\"f519155\" data-element_type=\"widget\" data-e-type=\"widget\" data-widget_type=\"visaland-service-sidebar-widget.default\">\n\t\t\t\t<div class=\"elementor-widget-container\">\n\t\t\t\t\t\r\n\t\r\n\r\n\t<div class=\"visa-details-wrapper\">\r\n\t\t<div class=\"visa-sidebar\">\r\n\t\t\t<div class=\"visa-widget-categories\">\r\n\t\t\t\t<ul>\r\n\t\t\t\t\t\t\r\n\t\t\t\t\t<li><a href=\"https:\/\/immigrationconsulting.ebangougroup.ca\/immigration\/?page_id=1450\">Visa RP<span><i class=\"fas fa-chevron-right\"><\/i><\/span><\/a><\/li>\r\n\t\t\t\t\t\t\r\n\t\t\t\t\t<li><a href=\"https:\/\/immigrationconsulting.ebangougroup.ca\/immigration\/?page_id=1447\">Visa Familial<span><i class=\"fas fa-chevron-right\"><\/i><\/span><\/a><\/li>\r\n\t\t\t\t\t\t\r\n\t\t\t\t\t<li><a href=\"https:\/\/immigrationconsulting.ebangougroup.ca\/immigration\/?page_id=1446\">Visa Touristique<span><i class=\"fas fa-chevron-right\"><\/i><\/span><\/a><\/li>\r\n\t\t\t\t\t\t\r\n\t\t\t\t\t<li><a href=\"https:\/\/immigrationconsulting.ebangougroup.ca\/immigration\/?page_id=1444\">Visa d'affaire<span><i class=\"fas fa-chevron-right\"><\/i><\/span><\/a><\/li>\r\n\t\t\t\t\t\t\r\n\t\t\t\t\t<li><a href=\"https:\/\/immigrationconsulting.ebangougroup.ca\/immigration\/?page_id=1449\">Visa de travail<span><i class=\"fas fa-chevron-right\"><\/i><\/span><\/a><\/li>\r\n\t\t\t\t\t\t\r\n\t\t\t\t\t<li><a href=\"https:\/\/immigrationconsulting.ebangougroup.ca\/immigration\/?page_id=1448\">Visa Etudiant<span><i class=\"fas fa-chevron-right\"><\/i><\/span><\/a><\/li>\r\n\t\t\t\t\t\t\t\t\t<\/ul>\r\n\t\t\t<\/div>\r\n\r\n\t\t\t\t\t\t<div class=\"visa-sidebar-widget\">\r\n\t\t\t\t<div class=\"contact-bg text-center bg-cover\" style=\"background-image: url('https:\/\/immigrationconsulting.ebangougroup.ca\/immigration\/wp-content\/uploads\/2024\/09\/contact-bg.jpg');\">\r\n\t\t\t\t\t<h4>Besoin d'un visa\nRendez-vous\nService\napr\u00e8s-vente : Appelez-nous<\/h4>\r\n\t\t\t\t\t<h3><a href=\"tel:+237675547840\">+237 675 547 840<\/a><\/h3>\r\n\t\t\t\t\t<p>Appelez-nous d\u00e8s aujourd'hui pour une assistance personnalis\u00e9e !<\/p>\r\n\t\t\t\t\t<a href=\"https:\/\/immigrationconsulting.ebangougroup.ca\/immigration\/?page_id=1326\" class=\"theme-btn bg-white\">\r\n\t\t\t\t\t\t<span>\r\n\t\t\t\t\t\tcontact us\t\t\t\t\t\t\t<i class=\"fas fa-chevron-right\"><\/i>\r\n\t\t\t\t\t\t<\/span>\r\n\t\t\t\t\t<\/a>\r\n\t\t\t\t<\/div>\r\n\t\t\t<\/div>\r\n\t\t\t\r\n\t\t\t\t\t\t<a href=\"#\" class=\"theme-btn w-100 text-center\">\r\n\t\t\t\t<span><i class=\"fas fa-file-pdf me-3\"><\/i> download pdf file<\/span>\r\n\t\t\t<\/a>\r\n\t\t\t\r\n\t\t<\/div>\r\n\t<\/div>\r\n\r\n\t\t\r\n\r\n\r\n             \r\n\t\t\t\t\t\t<\/div>\n\t\t\t\t<\/div>\n\t\t\t\t<\/div>\n\t\t<div class=\"elementor-element elementor-element-3426238 e-con-full e-flex e-con e-child\" data-id=\"3426238\" data-element_type=\"container\" data-e-type=\"container\">\n\t\t\t\t<div class=\"elementor-element elementor-element-dd5ab3a elementor-widget elementor-widget-image\" data-id=\"dd5ab3a\" data-element_type=\"widget\" data-e-type=\"widget\" data-widget_type=\"image.default\">\n\t\t\t\t\t\t\t\t\t\t\t\t\t\t\t<img fetchpriority=\"high\" decoding=\"async\" width=\"740\" height=\"392\" src=\"https:\/\/immigrationconsulting.ebangougroup.ca\/immigration\/wp-content\/uploads\/2024\/09\/details-1-2-1024x543.jpg\" class=\"attachment-large size-large wp-image-240\" alt=\"\" srcset=\"https:\/\/immigrationconsulting.ebangougroup.ca\/immigration\/wp-content\/uploads\/2024\/09\/details-1-2-1024x543.jpg 1024w, https:\/\/immigrationconsulting.ebangougroup.ca\/immigration\/wp-content\/uploads\/2024\/09\/details-1-2-300x159.jpg 300w, https:\/\/immigrationconsulting.ebangougroup.ca\/immigration\/wp-content\/uploads\/2024\/09\/details-1-2-768x407.jpg 768w, https:\/\/immigrationconsulting.ebangougroup.ca\/immigration\/wp-content\/uploads\/2024\/09\/details-1-2.jpg 1170w\" sizes=\"(max-width: 740px) 100vw, 740px\" \/>\t\t\t\t\t\t\t\t\t\t\t\t\t\t\t<\/div>\n\t\t\t\t<div class=\"elementor-element elementor-element-657680e elementor-widget elementor-widget-heading\" data-id=\"657680e\" data-element_type=\"widget\" data-e-type=\"widget\" data-widget_type=\"heading.default\">\n\t\t\t\t\t<h2 class=\"elementor-heading-title elementor-size-default\">Visa de conjoint\/famille<\/h2>\t\t\t\t<\/div>\n\t\t\t\t<div class=\"elementor-element elementor-element-e7a9c06 elementor-widget elementor-widget-text-editor\" data-id=\"e7a9c06\" data-element_type=\"widget\" data-e-type=\"widget\" data-widget_type=\"text-editor.default\">\n\t\t\t\t\t\t\t\t\t<div class=\"elementor-element elementor-element-e9d472c elementor-widget elementor-widget-text-editor\" data-id=\"e9d472c\" data-element_type=\"widget\" data-widget_type=\"text-editor.default\"><div class=\"elementor-widget-container\"><p><span dir=\"auto\">Les visas d&rsquo;immigration familiale pour le Canada sont destin\u00e9s aux personnes ayant des membres de leur famille r\u00e9sidant au Canada en tant que citoyens ou r\u00e9sidents permanents et \u00e2g\u00e9s de plus de 18 ans.\u00a0<\/span><span dir=\"auto\">Vous pouvez parrainer votre conjoint, votre conjoint de fait, votre partenaire conjugal ou vos enfants \u00e0 charge.<\/span><span dir=\"auto\">\u00a0Le Programme de visas familiaux permet aux parents et aux grands-parents de venir au Canada gr\u00e2ce \u00e0 des visas \u00e0 entr\u00e9es multiples prolong\u00e9s, d&rsquo;une dur\u00e9e maximale de 10 ans.<\/span><\/p><\/div><\/div>\t\t\t\t\t\t\t\t<\/div>\n\t\t\t\t<div class=\"elementor-element elementor-element-9febfe2 elementor-widget elementor-widget-text-editor\" data-id=\"9febfe2\" data-element_type=\"widget\" data-e-type=\"widget\" data-widget_type=\"text-editor.default\">\n\t\t\t\t\t\t\t\t\t<div class=\"elementor-element elementor-element-f77c7e0 elementor-widget elementor-widget-heading\" data-id=\"f77c7e0\" data-element_type=\"widget\" data-widget_type=\"heading.default\"><div class=\"elementor-widget-container\"><h3 class=\"elementor-heading-title elementor-size-default\"><span dir=\"auto\">Ce que nous proposons<\/span><\/h3><\/div><\/div><div class=\"elementor-element elementor-element-70bd273 elementor-widget elementor-widget-text-editor\" data-id=\"70bd273\" data-element_type=\"widget\" data-widget_type=\"text-editor.default\"><div class=\"elementor-widget-container\"><div class=\"elementor-element elementor-element-cb4fb76 elementor-widget elementor-widget-text-editor\" data-id=\"cb4fb76\" data-element_type=\"widget\" data-widget_type=\"text-editor.default\"><div class=\"elementor-widget-container\"><p><span dir=\"auto\">Notre syst\u00e8me unique d&rsquo;\u00e9valuation des demandes de visa pour le Canada d\u00e9termine votre admissibilit\u00e9. Nos experts sont agr\u00e9\u00e9s pour vous fournir une assistance et des conseils professionnels concernant toutes vos questions d&rsquo;immigration, y compris les frais de visa et les v\u00e9rifications d&rsquo;admissibilit\u00e9. Nous offrons les services suivants\u00a0:<\/span><\/p><\/div><\/div><div class=\"elementor-element elementor-element-fe84d29 elementor-icon-list--layout-traditional elementor-list-item-link-full_width elementor-widget elementor-widget-icon-list\" data-id=\"fe84d29\" data-element_type=\"widget\" data-widget_type=\"icon-list.default\"><div class=\"elementor-widget-container\"><ul class=\"elementor-icon-list-items\"><li class=\"elementor-icon-list-item\"><span class=\"elementor-icon-list-text\"><span dir=\"auto\">Permis de travail ouvert pour conjoint<\/span><\/span><\/li><li class=\"elementor-icon-list-item\"><span class=\"elementor-icon-list-text\"><span dir=\"auto\">Permis de travail et d&rsquo;\u00e9tudes pour enfants \u00e0 charge<\/span><\/span><\/li><\/ul><\/div><\/div><div class=\"elementor-element elementor-element-04f8b38 elementor-widget elementor-widget-heading\" data-id=\"04f8b38\" data-element_type=\"widget\" data-widget_type=\"heading.default\"><div class=\"elementor-widget-container\"><h3 class=\"elementor-heading-title elementor-size-default\"><br \/><span dir=\"auto\">Qui peut parrainer son conjoint, son partenaire ou son enfant ?<\/span><\/h3><\/div><\/div><div class=\"elementor-element elementor-element-bc98967 elementor-widget elementor-widget-text-editor\" data-id=\"bc98967\" data-element_type=\"widget\" data-widget_type=\"text-editor.default\"><div class=\"elementor-widget-container\"><p><span dir=\"auto\">Nous avons d\u00e9j\u00e0 accompagn\u00e9 de nombreux clients \u00e0 travers le monde dans leurs d\u00e9marches d&rsquo;immigration au Canada, notamment au titre du regroupement familial. Pour l&rsquo;obtention d&rsquo;un visa ou d&rsquo;un permis de s\u00e9jour canadien, nous sommes parfaitement \u00e9quip\u00e9s pour vous aider.<\/span><\/p><\/div><\/div><div class=\"elementor-element elementor-element-59e381c elementor-widget elementor-widget-progress\" data-id=\"59e381c\" data-element_type=\"widget\" data-widget_type=\"progress.default\"><div class=\"elementor-widget-container\"><div class=\"elementor-progress-wrapper\" role=\"progressbar\" aria-valuemin=\"0\" aria-valuemax=\"100\" aria-valuenow=\"86\"><div class=\"elementor-progress-bar\" data-max=\"86\"><span class=\"elementor-progress-percentage\"><span dir=\"auto\">86%<\/span><\/span><\/div><\/div><\/div><\/div><div class=\"elementor-element elementor-element-b0a4212 elementor-widget elementor-widget-heading\" data-id=\"b0a4212\" data-element_type=\"widget\" data-widget_type=\"heading.default\"><div class=\"elementor-widget-container\"><h3>\u00a0<\/h3><h3 class=\"elementor-heading-title elementor-size-default\"><span dir=\"auto\">Vous pouvez parrainer votre conjoint, partenaire ou enfant \u00e0 charge si\u00a0:<\/span><\/h3><\/div><\/div><div class=\"elementor-element elementor-element-b0d2f95 elementor-icon-list--layout-traditional elementor-list-item-link-full_width elementor-widget elementor-widget-icon-list\" data-id=\"b0d2f95\" data-element_type=\"widget\" data-widget_type=\"icon-list.default\"><div class=\"elementor-widget-container\"><ul class=\"elementor-icon-list-items\"><li class=\"elementor-icon-list-item\"><span class=\"elementor-icon-list-text\"><span dir=\"auto\">Vous avez au moins 18 ans<\/span><\/span><\/li><li class=\"elementor-icon-list-item\"><span class=\"elementor-icon-list-text\"><span dir=\"auto\">Vous \u00eates citoyen canadien, r\u00e9sident permanent du Canada<\/span><\/span><\/li><li class=\"elementor-icon-list-item\"><span class=\"elementor-icon-list-text\"><span dir=\"auto\">Vous \u00eates en mesure de prouver que vous ne recevez pas d&rsquo;aide sociale pour des raisons autres qu&rsquo;un handicap.<\/span><\/span><\/li><li class=\"elementor-icon-list-item\"><span class=\"elementor-icon-list-text\"><span dir=\"auto\">Vous pouvez subvenir aux besoins fondamentaux de toute personne que vous souhaitez parrainer.<\/span><\/span><\/li><\/ul><\/div><\/div><div class=\"elementor-element elementor-element-b4b0f99 elementor-widget elementor-widget-text-editor\" data-id=\"b4b0f99\" data-element_type=\"widget\" data-widget_type=\"text-editor.default\"><div class=\"elementor-widget-container\"><p><span dir=\"auto\">Gr\u00e2ce \u00e0 l&rsquo;exp\u00e9rience d&rsquo;Ebangou en mati\u00e8re d&rsquo;immigration r\u00e9ussie au Canada, nous pouvons vous aider \u00e0 atteindre votre objectif. Le visa \u00e9lectronique d&rsquo;\u00e9tudes est accord\u00e9 aux ressortissants \u00e9trangers disposant de ressources financi\u00e8res suffisantes et souhaitant \u00e9tudier au Canada. Comment faire une demande de visa \u00e9lectronique pour le Canada\u00a0? La proc\u00e9dure comprend plusieurs \u00e9tapes. Rassemblez tous les documents n\u00e9cessaires \u00e0 votre demande.<\/span><\/p><\/div><\/div><\/div><\/div>\t\t\t\t\t\t\t\t<\/div>\n\t\t\t\t<div class=\"elementor-element elementor-element-fcecac3 elementor-widget elementor-widget-text-editor\" data-id=\"fcecac3\" data-element_type=\"widget\" data-e-type=\"widget\" data-widget_type=\"text-editor.default\">\n\t\t\t\t\t\t\t\t\t<div class=\"elementor-element elementor-element-061c88f elementor-widget elementor-widget-heading\" data-id=\"061c88f\" data-element_type=\"widget\" data-widget_type=\"heading.default\"><div class=\"elementor-widget-container\"><div class=\"elementor-element elementor-element-261be9f elementor-widget elementor-widget-heading\" data-id=\"261be9f\" data-element_type=\"widget\" data-widget_type=\"heading.default\"><div class=\"elementor-widget-container\"><h3 class=\"elementor-heading-title elementor-size-default\"><span dir=\"auto\">Crit\u00e8res d&rsquo;admissibilit\u00e9 des personnes que vous parrainez<\/span><\/h3><\/div><\/div><div class=\"elementor-element elementor-element-d4e3e90 elementor-widget elementor-widget-text-editor\" data-id=\"d4e3e90\" data-element_type=\"widget\" data-widget_type=\"text-editor.default\"><div class=\"elementor-widget-container\"><p><span dir=\"auto\">Pour prouver qu&rsquo;ils remplissent les conditions d&rsquo;admissibilit\u00e9, votre conjoint, partenaire, enfant \u00e0 charge et leurs enfants \u00e0 charge (le cas \u00e9ch\u00e9ant) doivent fournir\u00a0<\/span><span dir=\"auto\">tous les formulaires et documents requis avec leur demande ainsi que\u00a0<\/span><span dir=\"auto\">toute information suppl\u00e9mentaire telle que des examens m\u00e9dicaux et des donn\u00e9es biom\u00e9triques.\u00a0<\/span><\/p><p><span dir=\"auto\">Vous ne pouvez pas parrainer une personne interdite de territoire au Canada. Cela signifie qu&rsquo;elle n&rsquo;est pas autoris\u00e9e \u00e0 venir au Canada.<\/span><\/p><\/div><\/div><\/div><\/div>\t\t\t\t\t\t\t\t<\/div>\n\t\t\t\t<div class=\"elementor-element elementor-element-b749377 elementor-widget elementor-widget-n-accordion\" data-id=\"b749377\" data-element_type=\"widget\" data-e-type=\"widget\" data-settings=\"{&quot;default_state&quot;:&quot;expanded&quot;,&quot;max_items_expended&quot;:&quot;one&quot;,&quot;n_accordion_animation_duration&quot;:{&quot;unit&quot;:&quot;ms&quot;,&quot;size&quot;:400,&quot;sizes&quot;:[]}}\" data-widget_type=\"nested-accordion.default\">\n\t\t\t\t\t\t\t<div class=\"e-n-accordion\" aria-label=\"Accordion. Open links with Enter or Space, close with Escape, and navigate with Arrow Keys\">\n\t\t\t\t\t\t<details id=\"e-n-accordion-item-1920\" class=\"e-n-accordion-item\" open>\n\t\t\t\t<summary class=\"e-n-accordion-item-title\" data-accordion-index=\"1\" tabindex=\"0\" aria-expanded=\"true\" aria-controls=\"e-n-accordion-item-1920\" >\n\t\t\t\t\t<span class='e-n-accordion-item-title-header'><div class=\"e-n-accordion-item-title-text\"> Demander un visa familial <\/div><\/span>\n\t\t\t\t\t\t\t<span class='e-n-accordion-item-title-icon'>\n\t\t\t<span class='e-opened' ><svg aria-hidden=\"true\" class=\"e-font-icon-svg e-fas-minus\" viewBox=\"0 0 448 512\" xmlns=\"http:\/\/www.w3.org\/2000\/svg\"><path d=\"M416 208H32c-17.67 0-32 14.33-32 32v32c0 17.67 14.33 32 32 32h384c17.67 0 32-14.33 32-32v-32c0-17.67-14.33-32-32-32z\"><\/path><\/svg><\/span>\n\t\t\t<span class='e-closed'><svg aria-hidden=\"true\" class=\"e-font-icon-svg e-fas-plus\" viewBox=\"0 0 448 512\" xmlns=\"http:\/\/www.w3.org\/2000\/svg\"><path d=\"M416 208H272V64c0-17.67-14.33-32-32-32h-32c-17.67 0-32 14.33-32 32v144H32c-17.67 0-32 14.33-32 32v32c0 17.67 14.33 32 32 32h144v144c0 17.67 14.33 32 32 32h32c17.67 0 32-14.33 32-32V304h144c17.67 0 32-14.33 32-32v-32c0-17.67-14.33-32-32-32z\"><\/path><\/svg><\/span>\n\t\t<\/span>\n\n\t\t\t\t\t\t<\/summary>\n\t\t\t\t<div role=\"region\" aria-labelledby=\"e-n-accordion-item-1920\" class=\"elementor-element elementor-element-8e7ce7c e-con-full e-flex e-con e-child\" data-id=\"8e7ce7c\" data-element_type=\"container\" data-e-type=\"container\">\n\t\t\t\t<div class=\"elementor-element elementor-element-ab96433 elementor-widget elementor-widget-text-editor\" data-id=\"ab96433\" data-element_type=\"widget\" data-e-type=\"widget\" data-widget_type=\"text-editor.default\">\n\t\t\t\t\t\t\t\t\t<p>Inscrivez-vous sur la plateforme, remplissez le formulaire de demande de visa et t\u00e9l\u00e9chargez les documents requis. Notre \u00e9quipe vous recontactera.<\/p>\t\t\t\t\t\t\t\t<\/div>\n\t\t\t\t<\/div>\n\t\t\t\t\t<\/details>\n\t\t\t\t\t\t<details id=\"e-n-accordion-item-1921\" class=\"e-n-accordion-item\" >\n\t\t\t\t<summary class=\"e-n-accordion-item-title\" data-accordion-index=\"2\" tabindex=\"-1\" aria-expanded=\"false\" aria-controls=\"e-n-accordion-item-1921\" >\n\t\t\t\t\t<span class='e-n-accordion-item-title-header'><div class=\"e-n-accordion-item-title-text\"> Documents requis pour l'assistance <\/div><\/span>\n\t\t\t\t\t\t\t<span class='e-n-accordion-item-title-icon'>\n\t\t\t<span class='e-opened' ><svg aria-hidden=\"true\" class=\"e-font-icon-svg e-fas-minus\" viewBox=\"0 0 448 512\" xmlns=\"http:\/\/www.w3.org\/2000\/svg\"><path d=\"M416 208H32c-17.67 0-32 14.33-32 32v32c0 17.67 14.33 32 32 32h384c17.67 0 32-14.33 32-32v-32c0-17.67-14.33-32-32-32z\"><\/path><\/svg><\/span>\n\t\t\t<span class='e-closed'><svg aria-hidden=\"true\" class=\"e-font-icon-svg e-fas-plus\" viewBox=\"0 0 448 512\" xmlns=\"http:\/\/www.w3.org\/2000\/svg\"><path d=\"M416 208H272V64c0-17.67-14.33-32-32-32h-32c-17.67 0-32 14.33-32 32v144H32c-17.67 0-32 14.33-32 32v32c0 17.67 14.33 32 32 32h144v144c0 17.67 14.33 32 32 32h32c17.67 0 32-14.33 32-32V304h144c17.67 0 32-14.33 32-32v-32c0-17.67-14.33-32-32-32z\"><\/path><\/svg><\/span>\n\t\t<\/span>\n\n\t\t\t\t\t\t<\/summary>\n\t\t\t\t<div role=\"region\" aria-labelledby=\"e-n-accordion-item-1921\" class=\"elementor-element elementor-element-f474b14 e-con-full e-flex e-con e-child\" data-id=\"f474b14\" data-element_type=\"container\" data-e-type=\"container\">\n\t\t\t\t<div class=\"elementor-element elementor-element-2807a0f elementor-widget elementor-widget-text-editor\" data-id=\"2807a0f\" data-element_type=\"widget\" data-e-type=\"widget\" data-widget_type=\"text-editor.default\">\n\t\t\t\t\t\t\t\t\t<p>Les documents requis seront trait\u00e9s, vous recevrez un avis de validation et nous vous recontacterons en cas de probl\u00e8me.<\/p>\t\t\t\t\t\t\t\t<\/div>\n\t\t\t\t<\/div>\n\t\t\t\t\t<\/details>\n\t\t\t\t\t\t<details id=\"e-n-accordion-item-1922\" class=\"e-n-accordion-item\" >\n\t\t\t\t<summary class=\"e-n-accordion-item-title\" data-accordion-index=\"3\" tabindex=\"-1\" aria-expanded=\"false\" aria-controls=\"e-n-accordion-item-1922\" >\n\t\t\t\t\t<span class='e-n-accordion-item-title-header'><div class=\"e-n-accordion-item-title-text\"> Traitement l\u00e9gal de l'immigration <\/div><\/span>\n\t\t\t\t\t\t\t<span class='e-n-accordion-item-title-icon'>\n\t\t\t<span class='e-opened' ><svg aria-hidden=\"true\" class=\"e-font-icon-svg e-fas-minus\" viewBox=\"0 0 448 512\" xmlns=\"http:\/\/www.w3.org\/2000\/svg\"><path d=\"M416 208H32c-17.67 0-32 14.33-32 32v32c0 17.67 14.33 32 32 32h384c17.67 0 32-14.33 32-32v-32c0-17.67-14.33-32-32-32z\"><\/path><\/svg><\/span>\n\t\t\t<span class='e-closed'><svg aria-hidden=\"true\" class=\"e-font-icon-svg e-fas-plus\" viewBox=\"0 0 448 512\" xmlns=\"http:\/\/www.w3.org\/2000\/svg\"><path d=\"M416 208H272V64c0-17.67-14.33-32-32-32h-32c-17.67 0-32 14.33-32 32v144H32c-17.67 0-32 14.33-32 32v32c0 17.67 14.33 32 32 32h144v144c0 17.67 14.33 32 32 32h32c17.67 0 32-14.33 32-32V304h144c17.67 0 32-14.33 32-32v-32c0-17.67-14.33-32-32-32z\"><\/path><\/svg><\/span>\n\t\t<\/span>\n\n\t\t\t\t\t\t<\/summary>\n\t\t\t\t<div role=\"region\" aria-labelledby=\"e-n-accordion-item-1922\" class=\"elementor-element elementor-element-767273a e-con-full e-flex e-con e-child\" data-id=\"767273a\" data-element_type=\"container\" data-e-type=\"container\">\n\t\t\t\t<div class=\"elementor-element elementor-element-6311805 elementor-widget elementor-widget-text-editor\" data-id=\"6311805\" data-element_type=\"widget\" data-e-type=\"widget\" data-widget_type=\"text-editor.default\">\n\t\t\t\t\t\t\t\t\t<p>Vos documents seront transmis aux services d&rsquo;immigration canadiens comp\u00e9tents pour traitement l\u00e9gal.<\/p>\t\t\t\t\t\t\t\t<\/div>\n\t\t\t\t<\/div>\n\t\t\t\t\t<\/details>\n\t\t\t\t\t\t<details id=\"e-n-accordion-item-1923\" class=\"e-n-accordion-item\" >\n\t\t\t\t<summary class=\"e-n-accordion-item-title\" data-accordion-index=\"4\" tabindex=\"-1\" aria-expanded=\"false\" aria-controls=\"e-n-accordion-item-1923\" >\n\t\t\t\t\t<span class='e-n-accordion-item-title-header'><div class=\"e-n-accordion-item-title-text\"> Services d'agents exp\u00e9riment\u00e9s <\/div><\/span>\n\t\t\t\t\t\t\t<span class='e-n-accordion-item-title-icon'>\n\t\t\t<span class='e-opened' ><svg aria-hidden=\"true\" class=\"e-font-icon-svg e-fas-minus\" viewBox=\"0 0 448 512\" xmlns=\"http:\/\/www.w3.org\/2000\/svg\"><path d=\"M416 208H32c-17.67 0-32 14.33-32 32v32c0 17.67 14.33 32 32 32h384c17.67 0 32-14.33 32-32v-32c0-17.67-14.33-32-32-32z\"><\/path><\/svg><\/span>\n\t\t\t<span class='e-closed'><svg aria-hidden=\"true\" class=\"e-font-icon-svg e-fas-plus\" viewBox=\"0 0 448 512\" xmlns=\"http:\/\/www.w3.org\/2000\/svg\"><path d=\"M416 208H272V64c0-17.67-14.33-32-32-32h-32c-17.67 0-32 14.33-32 32v144H32c-17.67 0-32 14.33-32 32v32c0 17.67 14.33 32 32 32h144v144c0 17.67 14.33 32 32 32h32c17.67 0 32-14.33 32-32V304h144c17.67 0 32-14.33 32-32v-32c0-17.67-14.33-32-32-32z\"><\/path><\/svg><\/span>\n\t\t<\/span>\n\n\t\t\t\t\t\t<\/summary>\n\t\t\t\t<div role=\"region\" aria-labelledby=\"e-n-accordion-item-1923\" class=\"elementor-element elementor-element-317560c e-flex e-con-boxed e-con e-child\" data-id=\"317560c\" data-element_type=\"container\" data-e-type=\"container\">\n\t\t\t\t\t<div class=\"e-con-inner\">\n\t\t\t\t<div class=\"elementor-element elementor-element-7bd3259 elementor-widget elementor-widget-text-editor\" data-id=\"7bd3259\" data-element_type=\"widget\" data-e-type=\"widget\" data-widget_type=\"text-editor.default\">\n\t\t\t\t\t\t\t\t\t<p>Notre \u00e9quipe est compos\u00e9e d&rsquo;agents tr\u00e8s exp\u00e9riment\u00e9s. Vos documents seront trait\u00e9s avec soin avant d&rsquo;\u00eatre transmis aux autorit\u00e9s canadiennes. Avec nous, votre visa est garanti.<\/p>\t\t\t\t\t\t\t\t<\/div>\n\t\t\t\t\t<\/div>\n\t\t\t\t<\/div>\n\t\t\t\t\t<\/details>\n\t\t\t\t\t<\/div>\n\t\t\t\t\t\t<\/div>\n\t\t\t\t<\/div>\n\t\t\t\t\t<\/div>\n\t\t\t\t<\/div>\n\t\t\t\t<\/div>\n\t\t","protected":false},"excerpt":{"rendered":"<p>Visa RP Visa Familial Visa Touristique Visa d&rsquo;affaire Visa de travail Visa Etudiant Besoin d&rsquo;un visa Rendez-vous Service apr\u00e8s-vente : Appelez-nous +237 675 547 840 Appelez-nous d\u00e8s aujourd&rsquo;hui pour une assistance personnalis\u00e9e ! contact us download pdf file Visa de conjoint\/famille Les visas d&rsquo;immigration familiale pour le Canada sont destin\u00e9s aux personnes ayant des membres<\/p>\n","protected":false},"author":1,"featured_media":0,"parent":0,"menu_order":0,"comment_status":"closed","ping_status":"closed","template":"","meta":{"inline_featured_image":false,"footnotes":""},"class_list":["post-1483","page","type-page","status-publish","hentry"],"_links":{"self":[{"href":"https:\/\/immigrationconsulting.ebangougroup.ca\/immigration\/index.php?rest_route=\/wp\/v2\/pages\/1483","targetHints":{"allow":["GET"]}}],"collection":[{"href":"https:\/\/immigrationconsulting.ebangougroup.ca\/immigration\/index.php?rest_route=\/wp\/v2\/pages"}],"about":[{"href":"https:\/\/immigrationconsulting.ebangougroup.ca\/immigration\/index.php?rest_route=\/wp\/v2\/types\/page"}],"author":[{"embeddable":true,"href":"https:\/\/immigrationconsulting.ebangougroup.ca\/immigration\/index.php?rest_route=\/wp\/v2\/users\/1"}],"replies":[{"embeddable":true,"href":"https:\/\/immigrationconsulting.ebangougroup.ca\/immigration\/index.php?rest_route=%2Fwp%2Fv2%2Fcomments&post=1483"}],"version-history":[{"count":7,"href":"https:\/\/immigrationconsulting.ebangougroup.ca\/immigration\/index.php?rest_route=\/wp\/v2\/pages\/1483\/revisions"}],"predecessor-version":[{"id":1507,"href":"https:\/\/immigrationconsulting.ebangougroup.ca\/immigration\/index.php?rest_route=\/wp\/v2\/pages\/1483\/revisions\/1507"}],"wp:attachment":[{"href":"https:\/\/immigrationconsulting.ebangougroup.ca\/immigration\/index.php?rest_route=%2Fwp%2Fv2%2Fmedia&parent=1483"}],"curies":[{"name":"wp","href":"https:\/\/api.w.org\/{rel}","templated":true}]}}